*x - 66 = -f*j + 2*x. Let p = 40 - j. What are the prime factors of p?
3, 7
Let h = -53 + 57. Suppose -4*n + 464 = 4*u - 0*n, -h*n = 0. List the prime factors of u.
2, 29
Let q(b) = -69*b - 1. Let s be q(-1). Let g be (-2)/(-6) - 819/27. Let k = g + s. What are the prime factors of k?
2, 19
Suppose 4*a = -2*a + 12. Suppose 3*n + a = c + 5*n, -4*c - n = -15. Suppose 0 = 3*p - 2*y - 64 - 8, 4*y = c*p - 96. What are the prime factors of p?
2, 3
Suppose -16*k - 140 = -12*k. Let g = -23 - k. Let a = 6 + g. List the prime factors of a.
2, 3
Suppose 0 = -3*a + 2*a + 2. Suppose 3*q = a*q - 3*n - 3, -n = q + 7. What are the prime factors of 3/q*-2*27?
2, 3
Suppose -16 + 34 = 3*o. Let c = 22 - o. Suppose b - c = 14. What are the prime factors of b?
2, 3, 5
What are the prime factors of 2447/4 + (-2)/(13 + -21)?
2, 3, 17
Suppose s = 7*s - 84. Let z = s + -9. List the prime factors of z.
5
Let a = -108 - -176. Suppose -d + r + 15 = 2*d, 2*r - 6 = -3*d. Suppose d*g = a + 36. List the prime factors of g.
2, 13
Let f = -96 + -65. Let h = -326 - f. List the prime factors of (h/(-6))/(-5)*-2.
11
Let d(f) be the second derivative of f**3/3 - 9*f**2/2 + 2*f. Let c be d(5). List the prime factors of 2 + (35 + 2)*c.
3, 13
Let p(s) = s**3 - 2*s**2 - 10*s + 14. Let r(d) = -6*d**3 + 2*d**2 + 2*d. Let q be r(-1). List the prime factors of p(q).
2, 7
Suppose 0 = 5*n + h - 13076, 3*n - 14*h - 7856 = -12*h. What are the prime factors of n?
2, 3, 109
Let r(m) = m**2 + 8*m - 38. Let l(z) = -z**3 + 6*z**2 - 4*z + 7. Let y be l(6). List the prime factors of r(y).
5, 23
Let c = -9 - -7. Let f be -1*((c - -3) + -1). Suppose f*k + 3*k - 12 = 0. What are the prime factors of k?
2
Let o = 1890 + -1380. What are the prime factors of o?
2, 3, 5, 17
Let l = 558 + -20. List the prime factors of l.
2, 269
Let h be (-22)/(-3)*15/(-10). What are the prime factors of h + 49 + 1*-3?
5, 7
Suppose -3*w + 3*p - 3 = 0, 0 = -4*w - 0*w + p + 5. Let b(i) = 2*i - i**3 - 4 - 1 - 2*i**w + 1 - 3*i**2. What are the prime factors of b(-6)?
2, 5
Let k(d) = -d - 6. Let l be k(-4). Let q(a) be the first derivative of 5*a**3/3 - 2*a**2 - 5*a - 6. List the prime factors of q(l).
23
List the prime factors of (-703425)/(-425) + 4/(-34).
5, 331
Let a = 5201 - 2114. What are the prime factors of a?
3, 7
Let d = 34 + -25. Let v be (82/6)/(3/d). Let c = v - 16. What are the prime factors of c?
5
What are the prime factors of (-2 - (-3 - -2))*-341?
11, 31
Let g = -83 + 541. List the prime factors of g.
2, 229
Let p be (1 + 3 + -2)*2. Let a be (4 - p) + (0 - -4). Suppose 0 = -a*w + 2*w + 106. List the prime factors of w.
53
Let m(y) = 17*y**3 - y**2 - 6*y - 3. What are the prime factors of m(3)?
3, 11, 13
Suppose 0*h + 4*h + 5*u + 40 = 0, u + 14 = -2*h. Let j be (-1428)/(-30) + 3/h. Suppose 0 = -5*r + 133 + j. List the prime factors of r.
2, 3
Suppose 316 = 3*c - c. Let a = -85 + c. List the prime factors of a.
73
Let l(v) = v**2 - 5*v + 5. Let j(t) = -3*t - 10. Let w be j(-7). Suppose -4 - w = -3*o. What are the prime factors of l(o)?
5
Suppose -104 = 8*j - 21*j. List the prime factors of j.
2
Let m(f) = -f**2 - 8*f - 9. Let t be m(-6). Suppose -2*v + 41 = 2*v + t*i, -3*v - 2*i = -32. List the prime factors of 4/v - (-290)/14.
3, 7
Suppose -13 = o + 5*q, 6*q = 2*q - 12. Suppose 5*d - t + 0*t = 15, -5 = 5*d - 5*t. Suppose -3*i + u = -84, d*u = -o*i - 3*i + 140. List the prime factors of i.
2, 7
Let l = 1072 + -63. What are the prime factors of l?
1009
Suppose 0 = -4*a + 3*i + 8166, -a - i + 1732 = -313. List the prime factors of a.
3, 227
Suppose 4*l = -0*n - 3*n + 77, 5*n + 70 = 5*l. Suppose 4*i = -k - l, -5*i = k + 8 + 14. List the prime factors of k.
3
Let v(x) = x**2 - 13*x + 5. Suppose -3*i - 18 = -6*i + 3*s, 3*s = 4*i - 27. Let j be v(i). Let p = j + 60. List the prime factors of p.
29
Suppose -3*i = h - 20, -i - 4*i + 2*h + 26 = 0. Suppose -4*t + 2*d = -5*t - i, 2*t = -d. Suppose t + 44 = a. What are the prime factors of a?
2, 23
Suppose -6*f + f - 10 = 0. Let l be f*(-3)/(-12)*-10. Suppose 3*g + l*r = 60, 0 = -5*g + 4*r + 27 + 36. What are the prime factors of g?
3, 5
Let q(j) = 6*j**3 - 7*j + 6. Let u be q(4). Let d = u - 103. What are the prime factors of 0/2 + d/7?
37
Let j = 263 + -123. Suppose 6*q - j = 4*q. List the prime factors of q.
2, 5, 7
Suppose -10 = h + 10. List the prime factors of (-415)/h - 2/(-8).
3, 7
Let w(o) = o**2 - 18*o - 20. Let y be w(20). Suppose 4*p = -4*c + y, p + 4*c + 1 = -0*c. What are the prime factors of p?
7
Let q = -2 + 4. Suppose 0 = t - 3, -t + 117 = q*l - 2*t. Suppose l = 6*w - 4*w. List the prime factors of w.
2, 3, 5
Let f = 252 - 39. What are the prime factors of f?
3, 71
Suppose 276*c = 282*c - 276. What are the prime factors of c?
2, 23
Suppose 5*z + 0*z = 40. List the prime factors of z*((-682)/(-8))/11.
2, 31
Suppose 121*v = 125*v - 13052. What are the prime factors of v?
13, 251
Suppose -h + 6 + 3 = 3*g, 5*g - 15 = 5*h. Let q(f) = 6*f - 7. Let t(y) = -7*y + 7. Let d(s) = -6*q(s) - 5*t(s). What are the prime factors of d(h)?
7
Suppose n - 4*m = 6*n + 56, -n - 3*m = 20. Let g(h) = -6*h + 10. Let s be g(n). Let t = 89 - s. List the prime factors of t.
31
Let l(n) = 33*n**2 + n. Let h be (0 - (-12)/(-3))/(-2). What are the prime factors of l(h)?
2, 67
Suppose 0 = 3*i - 383 - 475. What are the prime factors of i?
2, 11, 13
Suppose -3*c + 703 = 5*l - 3*l, -3*c - 1747 = -5*l. Suppose -3*h + 70 = a, -l = -5*a - 3*h + 8*h. What are the prime factors of a?
2, 5, 7
Let w(l) = -42*l - 5. Let k be w(-2). Let u = k + -34. List the prime factors of u.
3, 5
Let y(z) = -140 - z - 3*z + 0*z + 162. List the prime factors of y(-11).
2, 3, 11
Let g(b) = -1 + 0 - 6*b + 58*b**2 + 5 + 0*b. List the prime factors of g(2).
2, 7
Let b be 4/(-16)*-4 - -1. Suppose -4*j + 10 = 2*q - j, 3*q = -b*j + 10. List the prime factors of 62 + q/((-4)/6).
59
Suppose 5*c + 222 = -8. Let v be c/(-10) - 6/(-15). Let m(y) = 2*y**2 - 5*y - 3. List the prime factors of m(v).
2, 11
Let y be (1 + 0)*(0 + -2). Let a(f) = f + 5. Let t be a(-3). What are the prime factors of (-1)/y*24*t?
2, 3
Let o(v) = -v - 1. Let l(g) = -27*g**2 - 7*g - 6. Let f(t) = -l(t) + 6*o(t). Suppose -2 = i + i. List the prime factors of f(i).
2, 13
Suppose 4*u = 5*u - 4. Let p(x) = -x**3 + 4*x**2 + x - 5. Let r be p(u). List the prime factors of 1/(-1) - -2 - r.
2
Suppose -3*o = -15, 3*r = o - 1 + 2. Suppose -r*n + n + 32 = 4*h, -2*h = -5*n + 270. List the prime factors of n.
2, 13
Suppose 244*h + 910 = 254*h. What are the prime factors of h?
7, 13
Suppose 0 = 3*l - 3*d - 576, l - d + 564 = 4*l. List the prime factors of l.
3, 7
Let z = -20 + 11. Let d = -8 - z. Let j(k) = 16*k. List the prime factors of j(d).
2
Let f be (15/(-10))/((-1)/60). Suppose -3*l - 2*l = f. Let m = 12 - l. What are the prime factors of m?
2, 3, 5
Suppose 15 = 5*c - 10*c, -4*z - c + 5 = 0. Let v = 5 + -3. Suppose -v*k + z = -4*u, 4 = 3*k + 2*u - 7. List the prime factors of k.
3
Let k(f) = f**2 + 5*f - 8. Let q be (-3)/1 - (4 + 3). Let g be k(q). Suppose -g = -4*j + 34. List the prime factors of j.
19
Let z = 427 - 310. What are the prime factors of z?
3, 13
What are the prime factors of (-6 + 102/18)*(-2 - 586)?
2, 7
Let t = 325 - -101. Let a = -117 + t. What are the prime factors of a?
3, 103
Let t(v) = v**2 + 3*v + 4. Let j be t(-4). Suppose -5*l = -j*l. Let u = l - -3. List the prime factors of u.
3
Let p be 6/2 + (7 - 12). What are the prime factors of 190 + -17 + p/(-1*2)?
2, 3, 29
Suppose 14191 = 2*s + 4423. What are the prime factors of s?
2, 3, 11, 37
Suppose -3*y - 111 = -4*k - 16, 20 = 2*k + 4*y. What are the prime factors of k?
2, 5
Suppose 0 = -3*u - 9, 2*y = -y + 5*u + 336. List the prime factors of y.
107
Suppose 3*k = -v - 249, 0 = -5*k - 0*v - 2*v - 414. What are the prime factors of ((-16)/32)/(((-2)/k)/(-1))?
3, 7
Let v = -51 + 41. Let t(z) = -3*z + 14. List the prime factors of t(v).
2, 11
Let p(v) be the second derivative of -1/12*v**4 + 11/6*v**3 + 0 - 2*v + 3*v**2. What are the prime factors of p(10)?
2
Let g(r) = -r**3 + 7*r**2 + 13*r - 15. Let n be (1/(-3) - 0)/(13/(-312)). What are the prime factors of g(n)?
5
Let z be 3*(-2 - 32/(-12)). Let q(p) = -3 + z + p + 30. What are the prime factors of q(0)?
29
Suppose -6*x = -22*x + 2052